- -22).
-4
-3 - -43 - (-15 + 48)
7
Evaluate -1 + -4 + 0 + 29 - 12.
12
(-181 - -138) + (-3 - -68)
22
What is -6 - (6 + -16 + 2) - (4 + -26)?
24
Calculate (3 - (13 + -14)) + -12.
-8
Evaluate -13 - -1 - (-25 + 27).
-14
Evaluate 21 + -4 + 7 + -10 + (0 - 3).
11
What is -2 + 2 + 1 + (9 - (-3 - 1))?
14
Calculate (-2 - -9 - -1) + 91 + -95.
4
What is 235 + -255 + -5 + (5 - 0)?
-20
(0 - (-2 + -1 + (-5 - -11))) + -4
-7
Evaluate 4 - -7 - (8 - (11 - (-2 + 7))).
9
What is 50 + -58 + 1 + -4 + 25?
14
Evaluate 26 + 4 + -21 - 23.
-14
Calculate 3 + (-9 + 20 - (4 + 2)).
8
Evaluate 4 + 4 + (-3 - -1) + -5.
1
What is the value of -7 + 3 + 1 + 4 + -7?
-6
What is the value of -2 - -2 - (-30 + 20) - 23?
-13
What is the value of 7 + -26 + (2 + -8 - (28 - 29))?
-24
What is (-4 - -8) + -13 - (-44 + 28) - 0?
7
What is (-6 - -9 - 23) + 25?
5
What is the value of 20 - (18 + -7 - (-2 - -6))?
13
2 + -6 - (-27 - -5) - (10 - 3)
11
Calculate (9 - 23) + 22 + -3.
5
Calculate (-9 - (-20 - -10) - 10) + (2 - 0).
-7
Evaluate (1 - -1) + (-241 - -235).
-4
What is the value of -30 - (19 + (-21 - 11))?
-17
Calculate 8 - ((14 - 3) + -2).
-1
18 - 20 - (6 + -6 + 11)
-13
What is the value of -14 - (11 + -12 + -2 - -11)?
-22
What is -1408 + 1407 - (-8 + -2 + 2 + 1)?
6
What is the value of 36 + -14 + (-14 - -13)?
21
-30 + 13 - -11 - (-2 - 6)
2
17 + -25 + (17 - 5)
4
What is the value of -1 - -5 - (228 - 215)?
-9
-4 + 0 + 0 - (-29 + 34 + -18)
9
Calculate -14 + 17 - (13 + 12).
-22
-28 + 29 + -9 - 8
-16
What is the value of -5 + (-22 - -47) + -5?
15
-2 - -1 - 11 - (-893 - -898)
-17
What is 116 + -108 - (2 - -2) - (1 + -1)?
4
Calculate (-8 - 2 - -2) + (21 + -58 - -40).
-5
Evaluate -29 + (-3 - ((2 - 5) + (-10 - -7))).
-26
What is the value of 0 + 5 + 1 - (0 - (1 + -1))?
6
What is (-17 - -26) + (3 - (-4 + 20))?
-4
(12 - 7 - 14) + 45 - (3 + 1)
32
Evaluate -7 + -4 + (-14 - (-8 + 1)).
-18
-36 - (-10 + -1 - (10 - 31 - -22))
-24
Evaluate -626 + 621 + 0 + -1 + 0.
-6
What is the value of (9 + -12 - -3) + 2 + 4 + 1?
7
What is the value of 0 + 2 + (26 - 11) + -35 + 11?
-7
-8 + 1 + 7 + -13 + 23
10
Calculate 6 + -2 - (-8 + 7 - 10).
15
What is the value of -1 - 1 - (-2 - -2 - (-61 - -45))?
-18
What is 1 + (8 - 2) + -8?
-1
Calculate 9 + -23 + 5 + 1 + 85 + -88.
-11
Calculate 13 - (35 + -21 - 9).
8
What is the value of -30 + 27 + (4 - -13 - (-11 - -18))?
7
Calculate (-5 - (-13 + 0 + -1)) + -23.
-14
Evaluate 18 + (-10 - (6 + 11)).
-9
Calculate (-2 + 10 - (-3 - -19 - 11)) + 3.
6
What is -6 - -4 - (-60 - -67 - (5 + -1))?
-5
What is the value of -11 - (7 + -9 + -12)?
3
Calculate 12 - (-9 - (2 + -3 - 17)).
3
Calculate 12 + 1 - (46 + -28).
-5
Calculate 15 + 3 + -6 + (855 - 837).
30
Evaluate 43 - (-35 - -7 - -64).
7
1 - (-1 + 10 + 0) - (-344 - -347)
-11
What is (-2 - -9) + -15 + 7 + 2?
1
8 + -1 + 87 + -89 + 17
22
Evaluate (-19 - (5 + -30)) + 18 + -1.
23
Calculate 1 + -4 + (24 - 27) + -2.
-8
What is the value of 10 + (9 - (-11 + 13)) + -9?
8
What is the value of 10 + -8 + 1 + 7 + -6?
4
-12 + (1 - (11 + -4)) + 10
-8
What is (-5 + 0 - 3) + 16 + 3?
11
What is 5 - 9 - (8 - 7)?
-5
Evaluate (7 - 1) + -3 - (7 - 7) - 1.
2
30 + -48 + 0 + 14
-4
What is 0 + -2 - -21 - ((-13 - -31) + -23)?
24
What is the value of (8 - -3) + -3 - 0 - -3?
11
What is the value of -4 - (-8 + -13 + -4)?
21
What is -31 - (-41 + (-19 - -43))?
-14
What is (-816 - -805) + (21 - 1)?
9
Calculate (-12 - 0) + -72 + 69.
-15
Evaluate 5 - (4 - ((0 - -6) + 4 + 0)).
11
-9 + (30 - 8) + (-17 - 0)
-4
What is the value of 5 + (-4 - -5) - (4 - 10 - 0)?
12
What is the value of (6 - 9) + (-5 - (-11 - -4))?
-1
What is the value of 18 + 28 + -11 - (-1 + -5 + 3)?
38
Calculate 9 + (-3 - (14 - 8) - 1).
-1
17 - (11 - (-5 - -12)) - 15
-2
Calculate (-13 + 22 - (-1 + 6)) + 3 - -9.
16
Evaluate ((18 - (-4 - -9)) + -7 - -13) + -7.
12
-4 + (-2 - -5) - 3 - (21 - 44)
19
What is (-3 - 1) + (10 - (3 + 9 + 2))?
-8
What is the value of 0 - ((17 - 16) + -1)?
0
Calculate -326 - -334 - (15 - (1 - -1)).
-5
Calculate (27 - 22) + 2 + -4.
3
16 + -1 + -5 - 2
8
Calculate (0 + -11 - -14) + 8.
11
Calculate (-5 - -8 - 28) + 26 + -24 + 9.
-14
Calculate 26 - (-2 + 20) - 1.
7
What is (7 - -21) + -15 + -11 - (-4 - 1)?
7
What is the value of 2 + 68 - 66 - (-36 - -2)?
38
What is the value of -6 + -15 + (28 - 15) - 9?
-17
What is the value of 2 - -2 - (-4 + (12 - 22))?
18
What is -24 + -45 + (24 - -10)?
-35
What is the value of 4 + 2 + -15 + 10?
1
What is the value of 3 - 33 - (-22 - -5) - -32?
19
What is -6 + (-25 - (10 + -41))?
0
Evaluate 7 + (5 + 8 - (5 + 2) - 7).
6
-5 - 1 - (3 + -5) - 4
-8
Calculate -3 + 11 + (-140 - -129).
-3
What is the value of -9 + 0 + (-9 - -5 - (-2 + 9))?
-20
-33 + (39 - (21 - 23))
8
What is the value of 5 + -1 + 3 + (-5 - (-12 + 5))?
9
What is 5 + -13 + (11 - (27 - 4))?
-20
Evaluate (11 + -21 - 10) + 63 + (-12 - -2).
33
(-79 - -76) + 1 + -9 + 0
-11
Calculate -2 + -23 - (-5 - (-7 + 4 + 2)).
-21
What is the value of -30 + 31 + 2 - 26?
-23
Calculate 8 + -23 - -26 - (6 + (0 - 2)).
7
What is -14 - (-8 + (-8 - -21 - 5) + -7)?
-7
Calculate (-24 - (-34 - -16)) + 16.
10
What is (-29 + 2 - (-96 + 70)) + (0 - 33)?
-34
(15 - 18) + -13 + 5
-11
10 + -2 - (126 + -125 + (-8 - -1))
14
Evaluate -8 + (2 + (8 - (9 + 6)) - -39).
26
What is the value of 22 - (15 - (9 + -27))?
-11
What is the value of (3 - 4) + (-51 - -46)?
-6
28 - ((17 - 10) + -13 + 11)
23
Evaluate (21 - (-30 + 32)) + -34.
-15
Evaluate (3 + -6 + 0 - -3) + -60 + 66.
6
What is (-6 - -35 - 1) + -33?
-5
What is the value of 47 + -46 - (4 - 2 - (-4 + 17))?
12
What is -5 - -1 - (17 - 15)?
-6
What is -3 + (58 - 41) + (-36 - 0)?
-22
(-33 - -2) + (-401 - -395)
-37
Calculate 5 + -5 + (18 - 17).
1
Calculate (4 + -1 - -10) + (-182 - -191).
22
(75 - 91) + 1 + -11 + -1
-27
Evaluate (10 + -9 - 4) + (-10 - -7).
-6
Evaluate -4 - (1 + -3 - 9) - (17 + -1).
-9
What is 2 + -14 + (0 - (1 + -5))?
-8
Calculate 0 - (0 - -9) - (-15 + 15 + -2).
-7
-2 - (-2 + 11) - (50 + -47)
-14
Calculate (0 - 4 - 2) + (6 - 13 - -18).
5
What is 4 - 9 - (43 + -42)?
-6
Calculate (31 - 6) + (7 - -3) + -21.
14
What is the value of 1 + (34 - -2) - (-290 + 295)?
32
Evaluate 0 - (9 + -22 + 9) - 3.
1
What is the value of 21 + 0 + -1442 + 1405?
-16
Calculate 0 + -3 + (-7 - 5 - -22 - 10).
-3
Evaluate 0 + (5 - 1) - (34 - (-10 + 51)).
11
Evaluate -1 + (-7 - -2) - (-8 + 17 - 3).
-12
(-42 - 1) + -39 + 68
-14
Evaluate -8 - (5 + -52 + 8 + 8) - -1.
24
Evaluate -9 + 32 + -26 - (-6 + 0 + -2).
5
What is the value of (350 + -345 - (15 + 0)) + -3?
-13
Evaluate 777 - 752 - (19 + (3 - 4)).
7
Calculate 17 + (16 - (15 + -19)).
37
What is 1 + -17 + (91 - 65)?
10
(10 - 4) + -15 + 16
7
Evaluate -29 + (15 - -2) + (38 - 42).
-16
What is -4 - 3 - (48 + -59)?
4
Evaluate (-5 - -6) + -15 + 9 + 6.
1
What is (2 - -7) + -8 + 16 + -28?
-11
-9 + 36 - (7 - -41)
-21
Evaluate (0 - (-1 - 5)) + (-143 - -149) - 1.
11
Calculate (38 - (8 - 3)) + -5 + -2.
26
Evaluate 6 + -10 + 6 - 8.
-6
What is the value of -11 - -43 - 8 - 3?
21
Calculate 6 + (-1 - -10 - (-30 - -36)).
9
6 + 12 + -25 + -2
-9
0 - (-4 + 10 + -9 + 6)
-3
What is the value of 2 + (-13 + 2 - (-15 + 18 - 4))?
-8
3 + (-13 + 3 + -2 - -12) + 34
37
What is the value of 1 + (1 - 6) + (-25 - -15) + 15?
1
Evaluate 1 + (0 - -3) - (-11 + 3 + 11).
1
Calculate 1 + -19 + 54 + -55 - 12.
-31
Calculate 43 + -45 - (-3 - (-2 + -7)).
-8
Evaluate -34 + -1 + 35 - (-2 - -3 - 31).
30
What is the value of 28 + -11 + 7 - (16 + -11)?
19
(1 - (0 - -4)) + (1 - 25) + 18
-9
What is the value of (-1 - 27) + -8 + -13 + 32?
-17
Evaluate (17 - 32) + -1 + 22.
6
What is the value of (-35 + 0 - -32) + -1 + 2?
-2
Evaluate 1 + 1 - -4 - (3 + (-9 - -10)).
2
What is the value of (-1190 - -1234) + -35 + -1?
8
What is the value of -7 + (2 - (27 - 15))?
-17
What is the value of 28 + (9 + -11 - 13)?
13
35 - (16 - (-31 - -20))
8
Calculate 7 - (10 + -20 + 7 - -4).
6
Evaluate -17 + -1 - (362 + -359).
-21
39 - 41 - ((3 - 6) + -2 + 4)
-1
What is the value of -9 + -1 + 13 + 4?
7
Evaluate 5 - 2 - (7 - (22 + -14)).
4
1 + (-7 - 13) + 7
-12
What is the value of (-7 - -5) + 7 - (-5 - 6 - -22)?
-6
What is the value of -4 - (-1 + 6 - 3 - 4)?
-2
Calculate -3 - (-4 + 11) - (-5 + 8 + -11).
-2
What is (8 + -19 - -7 - -13) + -21?
-12
What is -2 + -3 + (7 - 0) - 1?
1
(-5 - -9) + -1 - (4 - 3)
2
Evaluate 1 - -21 - (312 - 302) - 35.
-2